4) in base 10?
30969
Convert 706a177 (base 11) to base 4.
233230110100
Convert -411221 (base 6) to base 13.
-11b66
What is -3135455 (base 6) in base 3?
-21202201122
-4499a7 (base 11) to base 16
-aecb1
-2406a5 (base 11) to base 12
-164943
What is -3110114330 (base 5) in base 2?
-11000001010000000110001
What is 132331112 (base 4) in base 10?
126806
What is 8801 (base 11) in base 9?
16837
What is -7558c (base 13) in base 4?
-303232201
Convert -410967 (base 11) to base 16.
-a1227
-47a4032 (base 11) to base 13
-196b830
What is -3050125 (base 8) in base 4?
-3011001111
What is 114a (base 16) in base 8?
10512
Convert 231021312 (base 4) to base 11.
116a57
1565375 (base 10) to base 14
2ca687
What is -12505521 (base 7) in base 4?
-10113200103
-1111011000110101010 (base 2) to base 15
-9e609
What is -523c7a (base 15) in base 4?
-32322312121
868007 (base 9) to base 10
517597
Convert -210122113321 (base 4) to base 5.
-4420421314
Convert -201002122 (base 3) to base 11.
-a507
-101111111011011 (base 2) to base 12
-1224b
-166ab6 (base 12) to base 5
-44311234
Convert 48225 (base 10) to base 6.
1011133
-100222222012111 (base 3) to base 2
-10100010001010100100101
Convert 1545241 (base 8) to base 5.
103220324
Convert 10000110000111100000 (base 2) to base 13.
163073
Convert -1c528 (base 16) to base 9.
-186117
What is -4284c94 (base 13) in base 12?
-6965567
667079 (base 10) to base 8
2426707
What is -10101011101110110111 (base 2) in base 14?
-1444bd
-1012202222001 (base 3) to base 8
-2354023
202102102211 (base 3) to base 15
7e19d
-43205151 (base 7) to base 10
-3682533
What is -1110111101110110010010 (base 2) in base 8?
-16756622
Convert -15a6b2 (base 16) to base 13.
-3a8b06
What is 104642 (base 9) in base 7?
350120
What is 44206333 (base 8) in base 2?
100100010000110011011011
-100011110000 (base 3) to base 10
-180387
Convert 101011000001101110110101 (base 2) to base 8.
53015665
47385d (base 14) to base 2
1001010001010010001011
What is 26a5166 (base 11) in base 2?
10001110010010110011110
30110013222 (base 4) to base 10
3228138
What is 25a746 (base 13) in base 7?
10502662
What is -200232133210 (base 4) in base 11?
-492a621
b186 (base 14) to base 9
45746
2567e (base 15) to base 16
1d32a
What is -1b8348a (base 12) in base 7?
-101051161
Convert 132042200 (base 6) to base 10.
2618424
Convert -1031332 (base 8) to base 6.
-5521522
What is 354635 (base 11) in base 6?
20015530
Convert 23252021 (base 6) to base 16.
b058d
What is 1122111123 (base 4) in base 15?
74976
Convert -3110031 (base 6) to base 13.
-52b01
-2224925 (base 11) to base 12
-13815aa
Convert -100011111101011011111000 (base 2) to base 15.
-c63155
Convert -10498 (base 11) to base 4.
-3232000
-6da82 (base 15) to base 14
-9179b
1554555 (base 6) to base 2
10110101110100111
Convert 1011111001110010011 (base 2) to base 8.
1371623
Convert 1001221111 (base 4) to base 15.
54a0a
What is 1250576 (base 8) in base 13?
c284c
What is -1110000011011010110 (base 2) in base 8?
-1603326
Convert -11112100100002 (base 3) to base 10.
-2408132
What is 8a936 (base 15) in base 13?
125859
1002010010011 (base 3) to base 15
b4c04
-515331 (base 6) to base 2
-1010000110100111
Convert -4613726 (base 8) to base 10.
-1251286
Convert 19281 (base 10) to base 3.
222110010
What is -6294c (base 15) in base 14?
-81cc5
What is -7000405 (base 8) in base 14?
-35ab89
2110011011 (base 3) to base 5
3020401
1101111001000100111 (base 2) to base 7
3604064
Convert 6116024 (base 7) to base 14.
14d014
What is -315a9 (base 16) in base 12?
-98ba1
What is 46e0ef (base 16) in base 5?
2142120403
7888 (base 15) to base 4
12033101
What is ce70bd (base 15) in base 5?
10010020203
What is -251235543 (base 7) in base 9?
-32663163
Convert 11001222122 (base 3) to base 12.
3a498
What is 17433b (base 13) in base 15?
b7045
-102222261 (base 7) to base 10
-6039342
-2222020121220 (base 3) to base 11
-989752
-2b721 (base 14) to base 3
-12111201110
Convert -2b31aa7 (base 12) to base 3.
-121111210112001
Convert 2652979 (base 10) to base 15.
376104
Convert -104915 (base 15) to base 9.
-1410882
Convert -472080 (base 10) to base 5.
-110101310
What is -111402233 (base 5) in base 13?
-1453c8
54196a (base 11) to base 6
30322415
What is -899557 (base 11) in base 13?
-3b2232
-4ac783 (base 13) to base 3
-10101100222202
Convert -10212a (base 13) to base 12.
-161644
Convert d00d (base 14) to base 13.
13320
Convert 23442134 (base 6) to base 5.
142032433
What is -1332d7 (base 16) in base 4?
-10303023113
What is 110321232 (base 4) in base 14?
232b4
Convert -129572 (base 10) to base 7.
-1046522
What is -961a8 (base 11) in base 9?
-233028
-1bb509 (base 14) to base 4
-3302011111
Convert -121101011 (base 4) to base 14.
-29a05
Convert -72381 (base 11) to base 8.
-316201
What is 21545050 (base 6) in base 16?
9f1b6
-3794a (base 15) to base 8
-532673
What is -200031051 (base 6) in base 3?
-20022212200011
-603664 (base 13) to base 4
-20201300311
What is -b8353 (base 16) in base 7?
-6261516
What is 31403112 (base 5) in base 3?
111100122022
Convert -5615a77 (base 11) to base 9.
-20467118
What is -1c57ce (base 16) in base 9?
-3440883
What is -55d012 (base 14) in base 15?
-3c93e3
What is d98a49 (base 14) in base 6?
421440413
What is 2bbcc (base 13) in base 15?
19a46
-17517702 (base 8) to base 2
-1111101001111111000010
110111000011010010 (base 2) to base 6
4455534
What is 90a2 (base 15) in base 2?
111011100111111
373020 (base 8) to base 14
34ba8
-22012000 (base 8) to base 16
-481400
What is -17935 (base 12) in base 15?
-a1ce
Convert -7633a4 (base 12) to base 15.
-26e9da
What is 11201214 (base 5) in base 2?
11000011101011000
690a107 (base 11) to base 14
186ab31
What is -73a35 (base 11) in base 14?
-2b38c
What is -8324725 (base 9) in base 8?
-20752167
What is -13402100 (base 5) in base 7?
-1112451
Convert 41104 (base 10) to base 9.
62341
Convert 1c599d (base 16) to base 9.
3441557
Convert 10011001000101100110 (base 2) to base 15.
c5bd1
-100130131002 (base 4) to base 5
-2100421400
What is -14323121 (base 6) in base 13?
-143629
-23a58 (base 14) to base 2
-10101010000111110
What is -1101101110000001010 (base 2) in base 6?
-13345122
What is -2b05c (base 14) in base 10?
-107098
What is 15233 (base 10) in base 9?
22805
Convert 3125201 (base 6) to base 3.
21200210201
Convert 110101223 (base 4) to base 16.
1446b
What is -20456242 (base 7) in base 8?
-6457771
-20310113331 (base 4) to base 10
-2311677
What is -28131 (base 14) in base 15?
-1e518
-aa5c3 (base 13) to base 7
-2423443
Convert 18145414 (base 9) to base 7.
140356630
What is -389c9 (base 13) in base 16?
-199f1
Convert -22432053 (base 6) to base 8.
-2501001
1012210211201 (base 3) to base 15
cb51d
What is 1001101111110010 (base 2) in base 3?
2000202121
Convert 1fd68 (base 16) to base 10.
130408
What is -1607206 (base 10) in base 14?
-2dba06
1120210122 (base 3) to base 8
74742
-16662403 (base 7) to base 11
-a24383
Convert -2122011122220 (base 3) to base 5.
-324312032
Convert 111001110000000011100 (base 2) to base 6.
104321004
What is 2412454 (base 6) in base 10?
126322
Convert 3052061 (base 8) to base 5.
201323420
What is 20122222111 (base 3) in base 10?
131206
-771013 (base 8) to base 2
-111111001000001011
Convert -2351540 (base 6) to base 9.
-207416
What is ac51b (base 15) in base 7?
4441244
16b39 (base 13) to base 11
2a882
What is 130303001101 (base 4) in base 14?
100714d
Convert -254291b (base 12) to base 13.
-1689605
What is -5ad72a (base 15) in base 16?
-425ac7
Convert 72608 (base 12) to base 15.
2e455
Convert -12453350 (base 9) to base 10.
-6117327
What is -5330553 (base 6) in base 15?
-523a9
What is -1337106 (base 10) in base 6?
-44354150
Convert -74932 (base 10) to base 9.
-123707
What is -17a752 (base 13) in base 8?
-2211010
What is 22e5c2 (base 16) in base 15?
302997
What is 111313312 (base 6) in base 8?
7577754
-1040601 (base 13) to base 5
-2231121233
23131134 (base 5) to base 6
4244154
What is 12322320113 (base 4) in base 2?
110111010111000010111
Convert 399324 (base 10) to base 9.
667683
-1000221010012 (base 3) to base 16
-86378
Convert -11a8a4a (base 13) to base 9.
-11316668
1233311112 (base 4) to base 3
212021100120
Convert 236e6e (base 16) to base 4.
20312321232
bb97 (base 14) to base 5
2014343
What is -3990564 (base 11) in base 7?
-112422444
-2073